rime?
True
Is 99152693158 prime?
False
Is 11712989 a composite number?
False
Is 18973941053 a composite number?
False
Is 1246375541 prime?
True
Is 899833927 prime?
True
Is 531479401 a prime number?
True
Is 1198082287 a prime number?
False
Is 8859898259 a prime number?
True
Is 1987472237 prime?
True
Is 89507987 a composite number?
False
Is 352639813 a prime number?
False
Is 421137581 composite?
False
Is 16842494231 prime?
True
Is 29687108531 composite?
False
Is 550223101 composite?
False
Is 282517766 prime?
False
Is 9374160869 a prime number?
True
Is 997596937 a prime number?
True
Is 4622235571 prime?
False
Is 10715022377 a prime number?
False
Is 1325903489 composite?
False
Is 286952051 prime?
True
Is 6786411737 prime?
False
Is 33160929643 prime?
True
Is 714458753 a prime number?
False
Is 7898864437 composite?
True
Is 95229872233 a prime number?
True
Is 4371198809 a composite number?
False
Is 1456805431 a composite number?
True
Is 19771601 a composite number?
False
Is 33780586981 a composite number?
False
Is 281745553 composite?
False
Is 30402949609 prime?
True
Is 53504058823 composite?
False
Is 8085063197 prime?
True
Is 4395230167 prime?
False
Is 10371630131 a prime number?
False
Is 1733464439 a prime number?
False
Is 6106678909 a prime number?
True
Is 8465295961 prime?
True
Is 1183071779 composite?
False
Is 63066854753 a composite number?
True
Is 3384956047 a composite number?
True
Is 827281309 a prime number?
True
Is 15213122647 a prime number?
False
Is 3470066291 a prime number?
True
Is 553994981 composite?
False
Is 10907127241 composite?
False
Is 4011105218 a prime number?
False
Is 6215429761 a prime number?
True
Is 440629597 composite?
False
Is 1025502877 prime?
False
Is 1218569699 a composite number?
True
Is 2206634603 a prime number?
False
Is 514929893 prime?
True
Is 141482185851 a composite number?
True
Is 3543735859 a composite number?
True
Is 6402203987 composite?
False
Is 354857083 a composite number?
True
Is 23992273841 prime?
False
Is 194306953 prime?
True
Is 41242387241 prime?
False
Is 258093137 a prime number?
True
Is 107302365343 a composite number?
True
Is 26056373987 a composite number?
True
Is 102345769 composite?
True
Is 20826575927 composite?
True
Is 17689824951 a composite number?
True
Is 7333187153 a prime number?
False
Is 4709307893 prime?
True
Is 4212148631 composite?
True
Is 2579529797 prime?
False
Is 43132737203 prime?
False
Is 33792679279 composite?
False
Is 1190136785 prime?
False
Is 2728903891 a composite number?
True
Is 3541824673 composite?
False
Is 4902125311 a prime number?
True
Is 22327440673 prime?
True
Is 4168357283 a prime number?
True
Is 129981540569 a composite number?
True
Is 343307807 composite?
True
Is 9181846547 a composite number?
False
Is 451537699 a composite number?
False
Is 59344243763 a prime number?
False
Is 514459987 a prime number?
True
Is 76753904041 prime?
True
Is 141399785143 a prime number?
False
Is 1115432459 a prime number?
True
Is 237077177 a composite number?
False
Is 3050311967 a composite number?
True
Is 1448766551 a prime number?
False
Is 44854110787 a prime number?
False
Is 20512327561 composite?
True
Is 12285787037 composite?
False
Is 6852816721 a composite number?
False
Is 4623350461 prime?
True
Is 3396845093 composite?
False
Is 2085312979 prime?
False
Is 9166876879 composite?
False
Is 1494253169 prime?
True
Is 20378451517 a prime number?
True
Is 22602365321 a composite number?
True
Is 1924614154 composite?
True
Is 13877018251 a prime number?
False
Is 889395977 a prime number?
True
Is 74723153489 a prime number?
False
Is 17184439361 a composite number?
True
Is 35197891 a prime number?
True
Is 240935351 prime?
True
Is 90102913753 a composite number?
True
Is 15542902033 a composite number?
False
Is 80397052837 composite?
True
Is 9716498861 composite?
False
Is 1484525057 a prime number?
True
Is 486341013 a prime number?
False
Is 1602646697 a prime number?
True
Is 5322342583 prime?
False
Is 116631060373 prime?
True
Is 17526812729 prime?
True
Is 1559103877 composite?
True
Is 5971176413 a prime number?
True
Is 50057394406 a prime number?
False
Is 58651401163 a prime number?
True
Is 357676177 prime?
False
Is 2578570391 a composite number?
True
Is 2450052887 a prime number?
True
Is 3516933593 prime?
True
Is 7595067019 prime?
False
Is 2399974727 a prime number?
True
Is 21649171 a composite number?
True
Is 20474728429 a composite number?
True
Is 3169109483 a prime number?
True
Is 127763263 prime?
True
Is 21382594913 a composite number?
False
Is 755068859 a composite number?
False
Is 1106874037 a composite number?
True
Is 1631915827 a composite number?
True
Is 89019211 prime?
False
Is 2637374581 a prime number?
True
Is 811551337 a prime number?
True
Is 2661391651 a prime number?
False
Is 19076455043 a prime number?
True
Is 622747837 prime?
True
Is 68069980117 a prime number?
True
Is 1099142197 a prime number?
False
Is 4340630153 prime?
False
Is 45956235271 a composite number?
False
Is 1641836389 composite?
True
Is 1167952327 prime?
True
Is 32296284271 a composite number?
False
Is 36247330583 a prime number?
True
Is 14542927001 a composite number?
False
Is 1357503443 a prime number?
True
Is 366380317 prime?
False
Is 1166371777 a composite number?
False
Is 16988579939 a composite number?
True
Is 296834736613 a prime number?
False
Is 52362930469 prime?
False
Is 11892514061 a prime number?
False
Is 134545340879 prime?
True
Is 4720956301 a composite number?
True
Is 1421439581 prime?
False
Is 16126385707 prime?
True
Is 12620455429 prime?
True
Is 48366739 composite?
True
Is 777260699 a prime number?
True
Is 798019031 prime?
True
Is 8392961 a prime number?
True
Is 404044909 composite?
True
Is 4344568727 composite?
False
Is 13251313745 a prime number?
False
Is 314597321 prime?
True
Is 4514573249 a composite number?
False
Is 41936246981 composite?
True
Is 10997165353 composite?
False
Is 4463873107 a prime number?
False
Is 564981217 prime?
False
Is 189363397 a prime number?
True
Is 86623978417 a composite number?
False
Is 3040868353 a prime number?
False
Is 2052693911 prime?
False
Is 143988787 prime?
True
Is 8469045881 composite?
True
Is 14526217207 a prime number?
True
Is 62971705679 a prime number?
False
Is 623557303 a prime number?
True
Is 57513575191 a prime number?
True
Is 1042209137 a prime number?
True
Is 20661457961 composite?
False
Is 4620220961 a prime number?
True
Is 3397730549 composite?
False
Is 60834366961 composite?
False
Is 6453859197 a composite number?
True
Is 258822383 composite?
False
Is 2846608993 composite?
False
Is 39888085411 prime?
True
Is 566061007 a composite number?
False
Is 4387957094 prime?
False
Is 156558121 a prime number?
True
Is 7979307229 composite?
False
Is 26879517473 composite?
False
Is 3326240917 a composite number?
False
Is 22707592423 a prime number?
False
Is 3254159309 composite?
False
Is 774115913 prime?
True
Is 254376623 composite?
False
Is 3513879167 a prime number?
True
Is 115662551 a prime number?
True
Is 17462764523 prime?
True
Is 59365381 a prime number?
False
Is 42889606447 composite?
True
Is 27911914909 prime?
False
Is 15525507833 composite?
True
Is 3182668421 a prime number?
True
Is 3028604053 a prime number?
True
Is 18248182751 a composite number?
False
Is 391368459763 prime?
True
Is 5126548703 prime?
False
Is 5798302361 composite?
True
Is 6341478083 composite?
False
Is 27447527077 a composite number?
True
Is 799619011 prime?
True
Is 1137274487 a prime number?
True
Is 809825633 prime?
True
Is 8164784017 prime?
False
Is 13838180165 composite?
True
Is 667370437 composite?
True
Is 3799511629 a composite number?
False
Is 3040419929 prime?
False
Is 48691411567 a prime number?
True
Is 4735753639 a composite number?
True
Is 17541929 prime?
False
Is 2397882629 a composite number?
False
Is 3834985585 a composite number?
True
Is 176520041 a prime number?
False
Is 545226335 a prime number?
False
Is 1429995649 prime?
True
Is 59079955471 a composite number?
False
Is 7358103889 a composite number?
False
Is 240732377 prime?
True
Is 287487382943 a prime number?
True
Is 976407431 prime?
False
Is 841411509 a composite number?
True
Is 358569419 a composite number?
True
Is 1315683461 a prime number?
False
Is 168896593 prime?
True
Is 584391931 a prime number?
Tru